{"id":293,"date":"2017-10-27T20:24:55","date_gmt":"2017-10-27T20:24:55","guid":{"rendered":"https:\/\/demo.cocobasic.com\/colorius-wp\/?page_id=4"},"modified":"2023-02-23T18:25:19","modified_gmt":"2023-02-23T21:25:19","slug":"onepage","status":"publish","type":"page","link":"https:\/\/programasaudedobem.com.br\/","title":{"rendered":"OnePage"},"content":{"rendered":"","protected":false},"excerpt":{"rendered":"","protected":false},"author":1,"featured_media":0,"parent":0,"menu_order":0,"comment_status":"closed","ping_status":"closed","template":"onepage.php","meta":{"footnotes":""},"class_list":["post-293","page","type-page","status-publish","hentry"],"yoast_head":"<!-- This site is optimized with the Yoast SEO plugin v24.8.1 - https:\/\/yoast.com\/wordpress\/plugins\/seo\/ -->\n<title>Programa Sa\u00fade do Bem<\/title>\n<meta name=\"description\" content=\"\u00c9 um programa de treinamento desenvolvido para dar condi\u00e7\u00f5es ao seu bem-estar f\u00edsico, mental e emocional, ambiente privativo e individualizado.\" \/>\n<meta name=\"robots\" content=\"index, follow, max-snippet:-1, max-image-preview:large, max-video-preview:-1\" \/>\n<link rel=\"canonical\" href=\"https:\/\/programasaudedobem.com.br\/\" \/>\n<meta property=\"og:locale\" content=\"pt_BR\" \/>\n<meta property=\"og:type\" content=\"article\" \/>\n<meta property=\"og:title\" content=\"Programa Sa\u00fade do Bem\" \/>\n<meta property=\"og:description\" content=\"\u00c9 um programa de treinamento desenvolvido para dar condi\u00e7\u00f5es ao seu bem-estar f\u00edsico, mental e emocional, ambiente privativo e individualizado.\" \/>\n<meta property=\"og:url\" content=\"https:\/\/programasaudedobem.com.br\/\" \/>\n<meta property=\"og:site_name\" content=\"Sa\u00fade do Bem\" \/>\n<meta property=\"article:modified_time\" content=\"2023-02-23T21:25:19+00:00\" \/>\n<meta name=\"twitter:card\" content=\"summary_large_image\" \/>\n<script type=\"application\/ld+json\" class=\"yoast-schema-graph\">{\"@context\":\"https:\/\/schema.org\",\"@graph\":[{\"@type\":\"WebPage\",\"@id\":\"https:\/\/programasaudedobem.com.br\/\",\"url\":\"https:\/\/programasaudedobem.com.br\/\",\"name\":\"Programa Sa\u00fade do Bem\",\"isPartOf\":{\"@id\":\"https:\/\/programasaudedobem.com.br\/#website\"},\"datePublished\":\"2017-10-27T20:24:55+00:00\",\"dateModified\":\"2023-02-23T21:25:19+00:00\",\"description\":\"\u00c9 um programa de treinamento desenvolvido para dar condi\u00e7\u00f5es ao seu bem-estar f\u00edsico, mental e emocional, ambiente privativo e individualizado.\",\"breadcrumb\":{\"@id\":\"https:\/\/programasaudedobem.com.br\/#breadcrumb\"},\"inLanguage\":\"pt-BR\",\"potentialAction\":[{\"@type\":\"ReadAction\",\"target\":[\"https:\/\/programasaudedobem.com.br\/\"]}]},{\"@type\":\"BreadcrumbList\",\"@id\":\"https:\/\/programasaudedobem.com.br\/#breadcrumb\",\"itemListElement\":[{\"@type\":\"ListItem\",\"position\":1,\"name\":\"In\u00edcio\",\"item\":\"https:\/\/programasaudedobem.com.br\/\"},{\"@type\":\"ListItem\",\"position\":2,\"name\":\"OnePage\"}]},{\"@type\":\"WebSite\",\"@id\":\"https:\/\/programasaudedobem.com.br\/#website\",\"url\":\"https:\/\/programasaudedobem.com.br\/\",\"name\":\"Sa\u00fade do Bem\",\"description\":\"Corpo inteligente - Mente forte\",\"publisher\":{\"@id\":\"https:\/\/programasaudedobem.com.br\/#organization\"},\"potentialAction\":[{\"@type\":\"SearchAction\",\"target\":{\"@type\":\"EntryPoint\",\"urlTemplate\":\"https:\/\/programasaudedobem.com.br\/?s={search_term_string}\"},\"query-input\":{\"@type\":\"PropertyValueSpecification\",\"valueRequired\":true,\"valueName\":\"search_term_string\"}}],\"inLanguage\":\"pt-BR\"},{\"@type\":\"Organization\",\"@id\":\"https:\/\/programasaudedobem.com.br\/#organization\",\"name\":\"Sa\u00fade do Bem\",\"url\":\"https:\/\/programasaudedobem.com.br\/\",\"logo\":{\"@type\":\"ImageObject\",\"inLanguage\":\"pt-BR\",\"@id\":\"https:\/\/programasaudedobem.com.br\/#\/schema\/logo\/image\/\",\"url\":\"https:\/\/programasaudedobem.com.br\/wp-content\/uploads\/2022\/12\/0.png\",\"contentUrl\":\"https:\/\/programasaudedobem.com.br\/wp-content\/uploads\/2022\/12\/0.png\",\"width\":312,\"height\":312,\"caption\":\"Sa\u00fade do Bem\"},\"image\":{\"@id\":\"https:\/\/programasaudedobem.com.br\/#\/schema\/logo\/image\/\"}}]}<\/script>\n<!-- \/ Yoast SEO plugin. -->","yoast_head_json":{"title":"Programa Sa\u00fade do Bem","description":"\u00c9 um programa de treinamento desenvolvido para dar condi\u00e7\u00f5es ao seu bem-estar f\u00edsico, mental e emocional, ambiente privativo e individualizado.","robots":{"index":"index","follow":"follow","max-snippet":"max-snippet:-1","max-image-preview":"max-image-preview:large","max-video-preview":"max-video-preview:-1"},"canonical":"https:\/\/programasaudedobem.com.br\/","og_locale":"pt_BR","og_type":"article","og_title":"Programa Sa\u00fade do Bem","og_description":"\u00c9 um programa de treinamento desenvolvido para dar condi\u00e7\u00f5es ao seu bem-estar f\u00edsico, mental e emocional, ambiente privativo e individualizado.","og_url":"https:\/\/programasaudedobem.com.br\/","og_site_name":"Sa\u00fade do Bem","article_modified_time":"2023-02-23T21:25:19+00:00","twitter_card":"summary_large_image","schema":{"@context":"https:\/\/schema.org","@graph":[{"@type":"WebPage","@id":"https:\/\/programasaudedobem.com.br\/","url":"https:\/\/programasaudedobem.com.br\/","name":"Programa Sa\u00fade do Bem","isPartOf":{"@id":"https:\/\/programasaudedobem.com.br\/#website"},"datePublished":"2017-10-27T20:24:55+00:00","dateModified":"2023-02-23T21:25:19+00:00","description":"\u00c9 um programa de treinamento desenvolvido para dar condi\u00e7\u00f5es ao seu bem-estar f\u00edsico, mental e emocional, ambiente privativo e individualizado.","breadcrumb":{"@id":"https:\/\/programasaudedobem.com.br\/#breadcrumb"},"inLanguage":"pt-BR","potentialAction":[{"@type":"ReadAction","target":["https:\/\/programasaudedobem.com.br\/"]}]},{"@type":"BreadcrumbList","@id":"https:\/\/programasaudedobem.com.br\/#breadcrumb","itemListElement":[{"@type":"ListItem","position":1,"name":"In\u00edcio","item":"https:\/\/programasaudedobem.com.br\/"},{"@type":"ListItem","position":2,"name":"OnePage"}]},{"@type":"WebSite","@id":"https:\/\/programasaudedobem.com.br\/#website","url":"https:\/\/programasaudedobem.com.br\/","name":"Sa\u00fade do Bem","description":"Corpo inteligente - Mente forte","publisher":{"@id":"https:\/\/programasaudedobem.com.br\/#organization"},"potentialAction":[{"@type":"SearchAction","target":{"@type":"EntryPoint","urlTemplate":"https:\/\/programasaudedobem.com.br\/?s={search_term_string}"},"query-input":{"@type":"PropertyValueSpecification","valueRequired":true,"valueName":"search_term_string"}}],"inLanguage":"pt-BR"},{"@type":"Organization","@id":"https:\/\/programasaudedobem.com.br\/#organization","name":"Sa\u00fade do Bem","url":"https:\/\/programasaudedobem.com.br\/","logo":{"@type":"ImageObject","inLanguage":"pt-BR","@id":"https:\/\/programasaudedobem.com.br\/#\/schema\/logo\/image\/","url":"https:\/\/programasaudedobem.com.br\/wp-content\/uploads\/2022\/12\/0.png","contentUrl":"https:\/\/programasaudedobem.com.br\/wp-content\/uploads\/2022\/12\/0.png","width":312,"height":312,"caption":"Sa\u00fade do Bem"},"image":{"@id":"https:\/\/programasaudedobem.com.br\/#\/schema\/logo\/image\/"}}]}},"_links":{"self":[{"href":"https:\/\/programasaudedobem.com.br\/index.php?rest_route=\/wp\/v2\/pages\/293","targetHints":{"allow":["GET"]}}],"collection":[{"href":"https:\/\/programasaudedobem.com.br\/index.php?rest_route=\/wp\/v2\/pages"}],"about":[{"href":"https:\/\/programasaudedobem.com.br\/index.php?rest_route=\/wp\/v2\/types\/page"}],"author":[{"embeddable":true,"href":"https:\/\/programasaudedobem.com.br\/index.php?rest_route=\/wp\/v2\/users\/1"}],"replies":[{"embeddable":true,"href":"https:\/\/programasaudedobem.com.br\/index.php?rest_route=%2Fwp%2Fv2%2Fcomments&post=293"}],"version-history":[{"count":1,"href":"https:\/\/programasaudedobem.com.br\/index.php?rest_route=\/wp\/v2\/pages\/293\/revisions"}],"predecessor-version":[{"id":457,"href":"https:\/\/programasaudedobem.com.br\/index.php?rest_route=\/wp\/v2\/pages\/293\/revisions\/457"}],"wp:attachment":[{"href":"https:\/\/programasaudedobem.com.br\/index.php?rest_route=%2Fwp%2Fv2%2Fmedia&parent=293"}],"curies":[{"name":"wp","href":"https:\/\/api.w.org\/{rel}","templated":true}]}}